Suppose -i - b - 4*b = -3, 5*i - b = 15. Let m = i + -7. What is the tens digit of ((-2)/m)/(9/738)?
4
Suppose 94 = 18*w - 16*w. Let r = w + 36. What is the units digit of r?
3
Suppose 3*z + 86 = 5*b, z + 60 = 3*b + 2*z. Suppose -l - b = o - 76, l = -4*o + 63. Let x = -13 + l. What is the units digit of x?
2
Let q(r) be the third derivative of -7*r**6/40 - r**5/15 - r**4/24 - r**3/3 - 58*r**2. What is the hundreds digit of q(-2)?
1
Let j(f) = 4*f**2 - 4*f - 3. Let i be 99/(-27) - 2/6. Let p(d) = -3*d - 19. Let t be p(i). What is the hundreds digit of j(t)?
2
Let g(i) be the first derivative of 51*i**2/2 - 106*i - 48. What is the hundreds digit of g(6)?
2
Let c be ((-1)/(-2))/((-3)/(-12)). Suppose -13 = -c*r + 3*z, 0*r + 4*z = 4*r - 24. Suppose 7*t = r*t + 152. What is the units digit of t?
6
Let v = -8672 + 14700. What is the hundreds digit of v/5 - (-60)/(-100) - 3?
2
Let d = 21 - -16. Suppose 32*y = d*y - 20. Suppose -92 = -2*x + y*k, -181 + 68 = -2*x - 3*k. What is the units digit of x?
2
Let n be 24/(-30)*(-10)/(-4). Let l be (12/(-9) + 2)/(n/(-6)). Suppose -5*c + 630 = l*c. What is the units digit of c?
0
Let v = -496 + 501. Suppose -4*h = 3*z - 169 - 803, 0 = 3*h - v*z - 700. What is the units digit of h?
0
Let m(t) = t**2 + 24*t + 47. Let o be m(-22). Suppose q - 2*q + 487 = -3*z, -o*z - q - 497 = 0. Let c = z + 325. What is the tens digit of c?
6
Suppose -i = -n - 6, 5*i + 4*n = -6 - 0. Let b be 55/(-33)*(-294)/i. Suppose 23 = 4*u - b. What is the tens digit of u?
6
Suppose 465*j = 466*j - 59209. What is the units digit of j?
9
Suppose 34669 = 2*q - 24723. Suppose 23*s = -9*s + q. What is the hundreds digit of s?
9
Suppose 0 = 10*k - 11*k. Suppose -4*q - 5*t + 231 = 0, 4*q + k*q - 213 = t. Let g = q - 41. What is the tens digit of g?
1
Suppose -9*w - 385 = -2*w. Let h = -53 - w. Suppose -h*y + 399 = 153. What is the tens digit of y?
2
Let j(w) = w**3 + 19*w**2 + 17*w - 13. Let a be j(-18). Suppose -3*l = a - 47. Suppose -l*n + 174 = -11*n. What is the units digit of n?
8
Suppose -2*r = 5 + 3. Let c be ((-22)/(-5))/(76/20 + r). Let w = 43 + c. What is the units digit of w?
1
What is the units digit of 504/96 + (-3)/36*3 - -30170?
5
Let n = 902 - 1812. What is the tens digit of (-6 - n)/((-6)/(3 - 6))?
5
Let s(w) = 3*w**2 - w - 1. Let r(q) = -4*q**2 + 2*q. Suppose 5*h - 24 = -3*h. Let n(f) = h*s(f) + 2*r(f). What is the tens digit of n(-8)?
5
Suppose 38 = 5*w + 5*g - 12, 2*w + 3*g - 20 = 0. Suppose -486 = 7*c - w*c. What is the hundreds digit of c?
1
Let d(h) = -2*h**3 - 28*h**2 - 21*h + 294. What is the thousands digit of d(-23)?
0
Suppose 0 = -8*q - 130 + 986. Let z = -32 + q. What is the tens digit of z?
7
Suppose -28*j + 25*j + 13832 = l, 0 = 3*j - 2*l - 13817. What is the units digit of j?
9
Suppose -5*n - 225 = -4385. Suppose -4*m = -m + c - 2496, m = -5*c + n. What is the hundreds digit of m?
8
Let h(s) = -s**2 - 17*s - 57. Let t be h(-10). What is the tens digit of (-17 + t)*353/(-4)?
5
Let t(k) = 192*k - 11. Let c be t(1). Let a = 278 - c. What is the units digit of a?
7
Suppose 33708 = -852*h + 864*h. What is the thousands digit of h?
2
Suppose -3*g - 2*w = 4*g - 46721, 5*g - 3*w = 33381. What is the hundreds digit of g?
6
Let x(u) = 10*u**2. Let i(d) = -d**2 + 5*d + 8. Let c be i(6). Let v be x(c). Suppose 5*w - v = -3*j, -4*j - j + 3*w = -44. What is the units digit of j?
0
Let d = -10160 + 16295. What is the hundreds digit of d?
1
Suppose -1482 = -6*o - 7*o. Suppose n = 4*d - 637, 58 = d + 4*n - o. What is the tens digit of d?
6
Suppose k - 6510 = -y, 5*y - 22*k = -20*k + 32529. What is the tens digit of y?
0
Suppose -4*b - 8 = -6*b. Suppose 0 = -2*z + 2 + b. What is the tens digit of (-281)/(-3) + (13/z - 5)?
9
Let i = 5050 + 3303. What is the units digit of i?
3
Suppose -2*u - 3*b = -2*b - 5, u + 10 = -3*b. Suppose 3*y + 63 = 5*g + 9, -y - 48 = -u*g. Suppose g - 185 = -2*s. What is the units digit of s?
8
Suppose 139771 = 12*i + 72167 - 145036. What is the hundreds digit of i?
7
Suppose 38*l + 2169747 = 306*l - 401177. What is the thousands digit of l?
9
Suppose 0 = 6*j + 6*j - 312. Let b = j - 21. Suppose -b*r + 0*r = -1260. What is the hundreds digit of r?
2
Let i = -12958 - -34841. What is the units digit of i?
3
Let c(y) = 37*y**2 + 11*y - 26. Let d be c(2). Let p = d + 540. What is the hundreds digit of p?
6
Let k = 60 - 55. Let q be 5/(-10 + k) + (-5)/1. What is the tens digit of (q/(-3))/(8/516)?
2
Let u(n) = -3*n + 33. Let i be u(10). Suppose 4*o + a = 2*o - 76, 5*o + 168 = i*a. What is the units digit of 8/o + (-3354)/(-27)?
4
Suppose -137 = -2*d - 123, -3*a + d + 47411 = 0. What is the tens digit of a?
0
What is the hundreds digit of (-2379008)/(-416) - 15/(-65)?
7
Let t(b) = b**3 - 18*b**2 + 2*b - 32. Let p be t(18). What is the tens digit of (-136152)/(-540) - p/30?
5
Suppose 0 = -4*q + 2*q + 4*a + 5958, 5*q - 14895 = -3*a. Suppose 2982 = 180*c - 178*c - 2*v, 2*c = 5*v + q. What is the hundreds digit of c?
4
Let t = -6294 - -9315. What is the tens digit of t?
2
Let u be (-121875)/(-26)*(-24)/(-18). Suppose -u = 39*c - 44*c. What is the units digit of c?
0
Let n be (-111176)/(-130) + 1/(-5). What is the units digit of 4/(n/843 + -1 + 0)?
1
Suppose 0*g - 2*d = -4*g - 12, 4*d = g - 11. Let z(i) be the third derivative of i**4/24 + 3*i**3/2 + 9*i**2. What is the units digit of z(g)?
4
Suppose 3 + 57 = 5*i. Suppose 2496 = i*t - 852. What is the hundreds digit of t?
2
Suppose -5*r = -19368 - 61182. What is the thousands digit of r?
6
Let k(u) = 10*u + 67. Let p be k(-10). Let h(a) = a**2 + 13*a - 120. What is the units digit of h(p)?
0
Let a(f) be the third derivative of 11*f**4/24 + 5*f**3/6 + 2*f**2. Suppose 4 = 4*z + 2*h, -3*z = 3*h + 2 + 1. What is the tens digit of a(z)?
3
Let o(m) = 86*m - 2. Let x be o(2). Suppose 31 = -4*u - 6*j - 61, 3*j - 69 = 3*u. Let g = x + u. What is the units digit of g?
7
Let g(z) = 30*z - 4*z**2 + 13*z + 8 - 15*z**3 + 25*z**3 + 17*z - 11*z**3. What is the hundreds digit of g(-11)?
1
Let i(x) = x**2 + x**2 + 9*x**2 + 1 - 2*x - 8*x**2. Let f be i(-7). Suppose f = 8*q + q. What is the units digit of q?
8
Let y(t) = 17*t**3 + 5*t**2 - 17*t + 14. What is the tens digit of y(5)?
7
Let g(q) = -7229*q**3 - 13*q**2 - 11*q + 2. What is the units digit of g(-1)?
9
Let c(g) = 2*g**3 - 17*g**2 - 50*g + 1554. What is the thousands digit of c(26)?
3
What is the units digit of (20084/(-12))/(312/(-702)*3/20)?
5
Let w(x) = 345*x - 1061. What is the tens digit of w(8)?
9
Suppose 1687*y + 5*f = 1684*y + 45177, -3*y - 2*f = -45159. What is the ten thousands digit of y?
1
Suppose -n = -5*p + 50, 2*p - n = 12 + 11. Suppose -p = -z - 5. What is the hundreds digit of (7 - z)/(150/(-153) + 1)?
1
Let m = 1012 - -1019. What is the tens digit of m?
3
Suppose 4*w = 4*l + 27 - 7, 2*w - 1 = 5*l. Suppose w*f - 60 = 13*f. What is the tens digit of 6/8*(-1536)/f?
9
What is the hundreds digit of (-7)/1*(-73860)/210?
4
Let w(m) = 6*m**2 - 8*m + 7. Let c be w(4). Suppose c*u - 69*u + 1474 = 4*n, n + 2*u = 376. What is the hundreds digit of n?
3
Let x(c) be the third derivative of c**5/20 + c**4/12 - 5*c**3/3 - 249*c**2 - 1. Suppose -i - 18 = -3*b, b = -5*i - 3*b - 14. What is the units digit of x(i)?
6
Let j = -80 + 83. Suppose 4*h + 2*o + 1122 = 222, 0 = h + j*o + 220. Let u = h - -384. What is the hundreds digit of u?
1
Let m be 4/(-18) + (-38)/45*-5. Suppose 0 = m*c - c + 3*j - 6, -j = -c + 2. Suppose -3*t = -i - 463, c*t - 2*i = -7*i + 286. What is the units digit of t?
3
Let r = 69 - 69. Let d be 5 + -5 + 48 + r. Suppose -4*s + d = 2*t, -2*t + 4*t = 4*s + 16. What is the tens digit of t?
1
Suppose 107*l = 52*l + 52*l + 15573. What is the hundreds digit of l?
1
Let t = -405 - -1769. Suppose -11*h = -7*h - t. What is the units digit of h?
1
Suppose -14986 = -9*g + 728. Suppose -97*t + 100*t = c + g, c = 4*t - 2328. What is the tens digit of t?
8
Suppose -2*t + 2*m + 25 = 9, 3*m + 27 = 4*t. Let d(o) = -23*o + 8 + 41*o - 17*o. What is the units digit of d(t)?
1
Suppose 0 = 4*f + 2*f - 18. Let s be 2*(1 - (f + -3)). Suppose 579 = 3*b + b + w, b = s*w + 156. What is the tens digit of b?
4
Let d = 35 - 37. Let s be (-59 + -1 - 1) + d. What is the units digit of ((-5)/(-2))/5 - s/6?
1
Let q = 38559 + -21790. What is t